rime factors of f/10 - (-16)/(-80).
2, 11
Let l(v) = 12*v**2 - v. Let i be l(2). Let n(s) = 5*s + 11. Let f be n(-8). Let b = f + i. List the prime factors of b.
17
Let i = -55 - -10. Let s = -41 - i. List the prime factors of s.
2
Suppose 398*j - 392*j - 6798 = 0. What are the prime factors of j?
11, 103
Let m(z) be the first derivative of -5*z**4/24 - 2*z**3 + 2*z**2 + 1. Let o(q) be the second derivative of m(q). What are the prime factors of o(-7)?
23
Suppose 19 = 3*s + 5*l, -4*s = -l - 3*l - 4. Suppose 6 = -s*u + 12. Suppose -u*p + 3*g + 46 = 0, p + 5*g - 78 = -p. List the prime factors of p.
29
Suppose 4*h = 2*o - 186, 2*h + o - 189 = 6*h. Let y = 154 + h. What are the prime factors of y?
2, 53
Let s(d) = -d**3 + 26*d**2 + 2*d + 14. What are the prime factors of s(24)?
2, 607
List the prime factors of 5/(5/(-15)*3) + 99.
2, 47
Let u(x) = 4*x**2 - 25*x + 5. Let a be u(6). Let c(n) = 121*n**2 + 2*n + 3. What are the prime factors of c(a)?
2, 61
Let s(b) = -47*b - 187. What are the prime factors of s(-6)?
5, 19
Let i = -81 - -315. Let v = 418 - i. List the prime factors of v.
2, 23
Suppose 5*i = -5*y + 60, 40 = 5*y - 2*i - 20. Suppose 9*r = -y + 93. What are the prime factors of r?
3
Suppose 0 = -9*s - 157 + 3676. List the prime factors of s.
17, 23
Suppose 2948 = 3*g - 2*r, -5*g - 2*r + 1862 = -3046. What are the prime factors of g?
2, 491
Suppose 7*r - 2183 + 349 = 0. What are the prime factors of r?
2, 131
Let i(q) = -q**3 + 8*q**2 - 2*q + 12. Let r be i(8). What are the prime factors of (1 + (r - -12))/1?
3
Suppose x = r + 5*x + 5, 0 = -5*r + 2*x + 19. Let h = 23 - r. List the prime factors of h.
2, 5
Let v(p) = 4*p - 1. Let j be v(1). Let t be (1 - (j + -1))*-4. Suppose t = b - 12. What are the prime factors of b?
2
Suppose -c - 4 - 6 = 0. Let t = 13 + c. What are the prime factors of 0 - t - (-33 - -8)?
2, 11
Let w(h) be the second derivative of -h**3/2 - 15*h**2/2 - h. Let c(n) = -n**2 + 12*n + 3. Let y be c(13). What are the prime factors of w(y)?
3, 5
Suppose 38*n = 19*n + 82384. What are the prime factors of n?
2, 271
Let v(s) = s**3 + 11*s**2 + 2*s + 22. Let r be v(-11). Suppose -5*q = -5*t, -3*q + 18 = -r*t + 3*t. Suppose -8 = -t*y + 2*y. What are the prime factors of y?
2
Let k(x) = -60*x - 296. List the prime factors of k(-28).
2, 173
Let j(h) = 2*h**2 - 38 + 16 + 14. List the prime factors of j(3).
2, 5
Let k be (-2)/(-11) - (-15756)/(-143). What are the prime factors of (-18)/(-5)*k/(-33)?
2, 3
Let s(z) = z**2 + 12*z + 4. Let d be s(-11). Let n be (84/d)/(3/(-4)). List the prime factors of (n/(-3))/((-7)/21).
2
Let s(d) = 10*d**2 - 2*d + 2. Let m = 26 - 24. What are the prime factors of s(m)?
2, 19
Let f be 3 - 6 - (-4 - 17). Let t(v) = -v**3 - 18*v + 29*v - f - 12*v**2 - 16*v. List the prime factors of t(-12).
2, 3, 7
List the prime factors of (-14967)/(-15) - 1*(-8)/(-10).
997
Suppose -4504 = -4*z + 396. List the prime factors of ((-2)/5)/((-7)/z).
2, 5, 7
What are the prime factors of 8/(-8)*5 - -306?
7, 43
Suppose -2*l + 2*d = 394, -5*l - 4*d = -505 + 1508. Let b = -58 - l. Let a = b + -93. What are the prime factors of a?
2, 3
List the prime factors of 6394/8 - (-48)/(-448)*-7.
2, 5
Let k = -179 - -255. Suppose -4*f = 3*a - 309, 0*f + k = f + 2*a. What are the prime factors of f?
2, 3, 13
Let p(j) = 5*j**2 + 2*j + 1. Let g be p(-1). Suppose -5*c + 603 = g*c. List the prime factors of c.
67
Suppose 3*u = -3*y + 636, 0 = u - 3*u + 2*y + 444. What are the prime factors of (-5)/(-10) - u/(-2)?
109
Suppose -15*w + 2089 = -49091. List the prime factors of w.
2, 853
Let b be (-17)/(1/(-8)*-8). Suppose v - i = 18, 0 = -3*i + 2*i - 4. Let g = v - b. What are the prime factors of g?
31
Let i(a) = -3*a**2 + 0*a**2 + 1 + 7 - 9*a**3 - 7 - a. What are the prime factors of i(-2)?
3, 7
Let z be 0/((3/(-9))/((-1)/(-6))). Let g = 146 - z. List the prime factors of g.
2, 73
List the prime factors of (-13730)/(-3) + (-100)/(-300).
23, 199
Let y(u) = -11*u + 7. Let l be y(5). Suppose 2*i = z - 0*i + 27, 0 = -5*z + i - 117. Let q = z - l. List the prime factors of q.
5
Suppose 5*m = -c - 1527, 0 = 3*m - 8*m + 4*c - 1542. Let y = -106 - m. List the prime factors of y.
2, 5
Let t(k) = 12*k**2 + 10*k + 63. List the prime factors of t(-8).
751
Suppose -1444 = 4*z - 248. Let c be z/(-2) + (-16)/(-32). Suppose 9*r + c = 14*r. List the prime factors of r.
2, 3, 5
Let t(y) = y**3 + 16*y**2 - 23*y + 41. What are the prime factors of t(-12)?
19, 47
Suppose 33*y - 177538 = -22867. What are the prime factors of y?
43, 109
Let c = -124 + 584. What are the prime factors of c?
2, 5, 23
Let t = -1594 + 2351. List the prime factors of t.
757
Let m(c) = c**3 - 2*c**2 + 4*c - 3. Let s be m(2). Suppose -s*g + 5*n = 10, n + 4 = -3*n. What are the prime factors of -2 + (-1 - g) - -20?
2, 5
Suppose 157*p = 164*p - 7959. What are the prime factors of p?
3, 379
Suppose -3*x - 7 = -2*t, 1 + 2 = -3*x + 3*t. Let c be (4/x)/(18/45). What are the prime factors of 7*(0 + 0 - c)?
2, 7
Let m be 8/44 - 4/22. Suppose 189 = 3*d - 3*w, m*d - 5*d - w = -315. List the prime factors of d.
3, 7
Let r = 804 + -507. List the prime factors of r.
3, 11
Let f(z) = -3*z + 11. Let g be f(3). What are the prime factors of 10/(g/(1 - -15))?
2, 5
Let x be 6/(-2)*3/(-4 + 7). List the prime factors of 21*5*(-1)/x.
5, 7
What are the prime factors of 5105*1*(-91 - -92)?
5, 1021
Suppose 609 + 867 = 2*a. What are the prime factors of a?
2, 3, 41
Let s be (-9 + 0)/(-3) - 0. Suppose -7 = -s*a - 4. What are the prime factors of (-7 + 23)/(1 + a)?
2
Suppose 1426 = 4*m + 2*i, 4*i = 3*m + i - 1065. What are the prime factors of m?
2, 89
Let g = -634 - -981. What are the prime factors of g?
347
Let u(i) = i**2 + 8*i + 12. Let g be u(-6). Suppose 3*v - 403 + 91 = g. List the prime factors of v.
2, 13
Let h(w) = 29*w**2 - 4*w - 4. Let k be h(6). Suppose -43*o = -47*o + k. List the prime factors of o.
2, 127
Suppose 1402 = 8*p - 6*p. List the prime factors of p.
701
Let z(x) be the second derivative of -2*x**3 - 20*x**2 - 2*x + 6. List the prime factors of z(-9).
2, 17
Let c(v) = 3. Let y(h) = h + 5. Let d(i) = -13*c(i) + 6*y(i). Suppose -5*x + 2*j + 40 = 0, -5*x - 4*j + 15 = -j. What are the prime factors of d(x)?
3
Suppose 0 = -4*p + 1553 + 727. Suppose 10*m = 5*m + p. What are the prime factors of m?
2, 3, 19
Let j = 15 + -12. Let o(f) = -2*f**2 - f**j - 14 + f**2 - 15*f**2 - 3*f. What are the prime factors of o(-16)?
2, 17
Let z = -25 - 1. Let b = 84 + z. List the prime factors of b.
2, 29
Suppose 0 = -2*a + 4*j + 836, 3*a + j = 8*a - 2081. List the prime factors of a.
2, 13
Let z be (-147)/245 - (-1 - 4/(-10)). Suppose -5*b + 2*c + 579 = z, 47 = 4*b + 5*c - 403. List the prime factors of b.
5, 23
Let i(u) be the third derivative of u**6/120 - u**5/60 + u**4/8 - u**3 + 84*u**2. Suppose 4*y = y + 9. What are the prime factors of i(y)?
3, 7
Suppose 0*j + 3*j = -15, 0 = 3*f - 5*j - 1606. List the prime factors of f.
17, 31
Let a(x) = x**3 - 8*x**2 - 19*x + 94. What are the prime factors of a(12)?
2, 13, 17
Suppose 5*o - 4*q = -599 + 3273, -554 = -o - 4*q. What are the prime factors of o?
2, 269
Suppose -2536 - 152 = -4*j - o, 3*j - 5*o - 2039 = 0. List the prime factors of j.
673
Let q be (2*18/20)/(25/125). What are the prime factors of 2 - q/((-36)/368)?
2, 47
Let s(o) = 4*o - 4. Let h(l) = -7*l + 9. Let x(n) = -6*h(n) - 13*s(n). What are the prime factors of x(-3)?
2, 7
Let m be (1950/45)/((-2)/(-6)). Suppose -2*a - 4*x = -132, 2*a + 5*x - m = 3*x. What are the prime factors of a?
2
Suppose 3*x - x - 4256 = -4*q, -5*x = 0. List the prime factors of q.
2, 7, 19
Suppose -3*h + 103 = -a, 0 = 2*h + 2*h - a - 137. Let s = 51 + h. What are the prime factors of s?
5, 17
Let h(t) be the second derivative of -t**5/20 + t**4/3 + 2*t**3/3 - 3*t**2/2 - 6*t. Let u be h(4). Let v = 3 + u. What are the prime factors of v?
2
Let g = 252 + 36. What are the prime factors of (-3 + -5 - -5) + g + 1?
2, 11, 13
Let z be 0/(0 - 0 - -1). Suppose 0 = 4*b - z*b. Suppose -v + 44 - 15 = b. What are the prime factors of v?
29
Let t be 1*334/(-4)*-2. Let x = t + -81. List the prime factors of x.
2, 43
Let c = 103 + 701. List the prime factors of c.
2, 3, 67
Let g = 3 - 4. Let q(f) = 11*f**2 - 2*f - 1. What are the prime factors